0*y - 1973. Give t(-26).
3
Let p(n) = 18717*n - 165985. Determine p(9).
2468
Let y(n) = 3*n**2 + 246*n + 1918. Determine y(-70).
-602
Let x(b) = -b**2 + 1324*b - 180268. Determine x(154).
-88
Let r(c) = -c**3 + 313*c**2 + 2151*c - 576724. Calculate r(314).
94
Let t(b) = 3*b**3 - 634*b**2 - 477*b + 11252. Calculate t(212).
16
Let n(t) = -13*t**2 - 1213*t + 4737. Calculate n(-97).
81
Let m(t) = -t**2 + 109*t - 2234. Determine m(71).
464
Let j(b) = 12*b**3 + 5*b**2 + 7915*b - 23750. Give j(3).
364
Let x(i) = -3*i**2 - 381*i - 11557. Determine x(-66).
521
Let p(a) = 3*a**2 - 2157*a - 232143. Determine p(-95).
-153
Let z(r) = 424548*r - 849098. Determine z(2).
-2
Let g(z) = z**3 - 211*z**2 - 36*z + 6807. Determine g(211).
-789
Let l(a) = -a**2 - 114930*a + 3563811. Determine l(31).
20
Let p(d) = 8*d**2 - 931*d - 486. Calculate p(118).
1048
Let j(a) = 23346*a - 887139. Give j(38).
9
Let v(u) = -70*u + 916. Calculate v(18).
-344
Let t(s) = -s**3 + 69*s**2 + 136*s + 903. Give t(71).
477
Let f(k) = 443*k - 79294. What is f(179)?
3
Let w(z) = -9*z**2 + 126*z + 752. Give w(-6).
-328
Let u(i) = -26*i - 1095. What is u(-49)?
179
Let m(y) = y**2 + 39*y + 442. Calculate m(19).
1544
Let i(r) = r**3 + 7585*r**2 - 37950*r - 4. Give i(5).
-4
Let b(f) = -30*f**3 + 304*f**2 - 103*f + 719. Determine b(10).
89
Let r(p) = p**3 - 289*p**2 - 18124*p - 685. Calculate r(342).
-1
Let s(i) = 3*i**3 + 14*i**2 - 116*i - 969. What is s(-14)?
-4833
Let b(j) = 49859*j + 349019. Calculate b(-7).
6
Let p(s) = s**2 - 10*s - 2189. Give p(-53).
1150
Let x(l) = 348*l - 170. Determine x(-1).
-518
Let i(u) = -u**3 - 80*u**2 - 619*u - 8411. Calculate i(-73).
-527
Let o(n) = -347*n + 64671. What is o(170)?
5681
Let y(c) = -c**3 + 37*c**2 - 759*c + 35162. Give y(40).
2
Let j(a) = 1660*a - 106474. Give j(64).
-234
Let y(u) = -129991*u - 2859781. Determine y(-22).
21
Let d(n) = 990*n + 123777. Calculate d(-125).
27
Let z(g) = 24*g**3 - 9*g**2 + 3201*g - 6384. Determine z(2).
174
Let m(f) = -115049*f + 1380583. Give m(12).
-5
Let q(s) = s**2 - 140*s + 5757. What is q(72)?
861
Let w(f) = 13462755*f - 9. Calculate w(0).
-9
Let p(y) = 28*y**2 + 4070*y + 1083. Give p(-145).
-367
Let p(b) = 9*b**2 + 290*b - 46. Determine p(-30).
-646
Let s(f) = -1452*f + 9. Calculate s(-1).
1461
Let t(x) = 5*x**2 + 67*x - 161. Calculate t(-11).
-293
Let b(j) = -2*j**3 + 68*j**2 - 69*j + 689. What is b(33)?
590
Let l(a) = 1600*a - 16204. What is l(10)?
-204
Let o(n) = 11*n**3 + 2586*n**2 + 221*n - 2565. Calculate o(-235).
725
Let n(s) = -s**3 - 8*s**2 + 46217*s - 1722. Determine n(211).
-34
Let i(f) = -2*f**2 - 43*f + 1411. Determine i(18).
-11
Let f(i) = -4*i**2 - 518*i - 11887. Give f(-30).
53
Let a(d) = 60*d + 22903. Determine a(-382).
-17
Let k(x) = 3*x**2 - 112*x - 99. Give k(-6).
681
Let s(t) = 64*t - 1994. Give s(17).
-906
Let g(v) = -7682*v - 146343. Give g(-19).
-385
Let z(r) = r**3 - 62*r**2 + 207*r + 69. Determine z(59).
1839
Let r(n) = 22639*n + 5523953. What is r(-244)?
37
Let z(k) = -100022*k - 699455. Give z(-7).
699
Let p(y) = -y**3 + 313*y**2 - 5024*y - 15. Determine p(17).
121
Let d(s) = 17897*s + 13691196. Determine d(-765).
-9
Let m(r) = -3*r**3 + 18*r**2 + 35*r - 99. Give m(7).
-1
Let j(p) = -164*p**3 + 4*p**2 + 44*p + 41. What is j(-1)?
165
Let u(l) = -9*l**2 + 450*l + 2786. What is u(-6)?
-238
Let p(u) = u**2 + 2723*u + 32523. What is p(-12)?
-9
Let z(d) = 9539*d - 906199. Calculate z(95).
6
Let q(k) = -k**3 - 12*k**2 - 70*k + 129. Calculate q(-15).
1854
Let w(r) = 2*r**3 - 1479*r**2 - 8190*r - 3725. What is w(745)?
0
Let j(o) = -6*o**2 - 534*o - 877. Determine j(-87).
167
Let d(y) = 47282*y - 8227066. Give d(174).
2
Let j(a) = 90*a + 2663. What is j(-33)?
-307
Let g(j) = -j**3 + 121*j**2 + 737*j + 3170. Calculate g(127).
-5
Let h(q) = 4218*q - 21102. Give h(5).
-12
Let a(o) = 19*o**3 - 4*o**2 + 2532*o + 2537. Give a(-1).
-18
Let d(b) = 8*b**3 + 340*b**2 - 183*b - 475. What is d(-43)?
-2
Let j(a) = 660552*a + 22458762. What is j(-34)?
-6
Let i(j) = 7*j**2 - 21*j - 54. Calculate i(-9).
702
Let t(p) = -1284*p + 33509. Determine t(26).
125
Let g(l) = 103698*l + 414790. Determine g(-4).
-2
Let p(m) = -10199*m + 62337. Give p(6).
1143
Let n(p) = 22*p**2 - 5078*p - 104420. What is n(-19)?
4
Let v(t) = -3*t**2 - t + 28143. What is v(-97)?
13
Let t(r) = -3*r**3 - 90*r**2 - 438*r - 120. Determine t(-24).
24
Let j(p) = -p**2 - 264717*p - 11645608. Determine j(-44).
4
Let x(p) = 3*p**2 - 24970*p + 845485. What is x(34)?
-27
Let w(l) = -l**3 + 6*l**2 + 3465*l - 20771. Give w(6).
19
Let x(h) = -6023*h + 6029020. Give x(1001).
-3
Let k(f) = 3*f**3 - 191*f**2 - 115*f + 3548. Give k(64).
284
Let b(l) = 1191*l + 42460. What is b(-35)?
775
Let w(u) = 206*u + 5430. Give w(-27).
-132
Let v(m) = -4101*m - 869289. Give v(-212).
123
Let q(w) = w**3 - w**2 - 50*w + 502. Determine q(14).
2350
Let b(p) = -14*p**2 + 2183*p + 4410. What is b(-2)?
-12
Let k(c) = -c**3 + 45*c**2 - 74*c - 846. Determine k(43).
-330
Let s(p) = p**3 + 333*p**2 + 3239*p + 2662. Calculate s(-323).
-245
Let g(c) = -c**3 + 72*c**2 + 98*c + 967. What is g(73)?
2792
Let s(n) = 26*n + 1307. Determine s(-35).
397
Let o(t) = -41361*t + 744502. Determine o(18).
4
Let p(o) = -249*o**2 + 1496*o + 9. Calculate p(6).
21
Let z(q) = 2047*q + 12350. Calculate z(-6).
68
Let o(q) = 2165129*q - 21651288. Determine o(10).
2
Let h(b) = 1058*b**3 - b**2 - 9*b + 13. Calculate h(1).
1061
Let z(r) = -42*r**3 - 1889*r**2 + 6*r - 1988. What is z(-45)?
-233
Let f(v) = -3*v**3 + 78*v**2 + 79*v + 98. Calculate f(27).
44
Let u(b) = -614*b + 19656. Calculate u(32).
8
Let i(h) = h - 853. Give i(58).
-795
Let m(c) = -192*c - 948. Give m(-5).
12
Let m(t) = 627*t + 8762. Calculate m(-14).
-16
Let l(w) = -4*w**2 + 84*w + 953. Calculate l(-11).
-455
Let r(l) = l**3 + 112*l**2 - 3238*l - 623. What is r(24)?
1
Let j(v) = -3*v**3 - 41*v**2 + 704*v + 9535. Calculate j(-14).
-125
Let w(q) = 38*q - 3526. Give w(82).
-410
Let x(w) = -4*w**2 + 312178*w + 312177. Calculate x(-1).
-5
Let g(u) = -395*u - 499. What is g(-1)?
-104
Let d(z) = -469*z - 2530. What is d(-5)?
-185
Let d(m) = 1983*m**2 + 2650*m - 2654. What is d(1)?
1979
Let x(z) = 2*z**3 - 165*z**2 + 89*z - 636. What is x(82)?
-62
Let z(n) = 3*n**3 + 247*n**2 + 443*n - 9480. Give z(-80).
-120
Let r(u) = -941*u - 150559. Give r(-160).
1
Let g(s) = 5*s**3 - 17*s**2 - 461*s + 1784. What is g(4)?
-12
Let o(m) = 2*m**3 - 176*m**2 - 863*m - 47. Give o(-5).
-382
Let c(b) = -52*b**3 - 476*b**2 + 21*b + 12. Calculate c(-10).
4202
Let a(l) = 4*l**2 - 2811*l - 209723. Give a(-68).
-79
Let g(n) = -220*n**3 + 90*n**2 - 268*n - 9. What is g(3)?
-5943
Let j(l) = l**3 - 21*l**2 + 302. Give j(11).
-908
Let i(x) = -140*x**2 - 16583*x + 239237. What is i(13)?
-2
Let b(n) = -123*n**2 - 4701*n - 1024. What is b(-38)?
2
Let k(o) = 558*o - 38375. Calculate k(69).
127
Let i(j) = -2213*j + 480331. What is i(217)?
110
Let n(o) = -2*o**3 + 101*o**2 + 21445*o - 1091103. Determine n(51).
-9
Let b(a) = -a**3 + 145*a**2 - 1650*a + 1935. Calculate b(11).
-1
Let y(g) = 28*g**2 - 532*g + 2575. What is y(11)?
111
Let v(f) = -183643*f - 18364293. Give v(-100).
7
Let b(i) = -112295*i - 898380. Determine b(-8).
-20
Let v(f) = -59*f**2 + 167*f + 481. Calculate v(-3).
-551
Let w(n) = -n**2 + 459*n - 4092. Determine w(9).
-42
Let c(r) = -r**3 + 228*r**2 + 40*r + 43211. Determine c(229).
-70
Let c(o) = 27773*o - 222200. What is c(8)?
-16
Let b(f) = 10*f**2 - 122*f + 313. Give b(30).
5653
Let f(a) = 31575*a - 599914. Give f(19).
11
Let h(m) = 2*m**2 + 319*m - 1829. Calculate h(-165).
-14
Let f(q) = -14*q + 1769. What is f(131)?
-65
Let f(b) = b**3 - 351*b**2 + 5069*b - 33. Give f(15).
402
Let l(a) = 14*a**2 - 765*a - 1176. What is l(56)?
-112
Let o(l) = 2*l**3 - 30*l**2 + 176*l - 2166. What is o(13)?
-554
Let i(k) = -11076*k + 11130. What is i(1)?
54
Let i(a) = 50*a**2 - 174*a - 15. What is i(5)?
365
Let s(n) = 5*n**2 - 2821*n + 100498. Determine s(526).
32
Let i(z) = 25831*z + 53698. What is i(-2)?
2036
Let n(c) = 4*c**3 - 56*c**2 + 12*c - 187. Determine n(14).
-19
Let c(o) = 6*o**2 + 401*o + 482. Calculate c(-64).
-606
Let l(q) = 6249*q**2 - 6227*q - 2. Give l(1).
20
Let q(f) = -191*f - 1766. Determine q(-9).
-47
Let g(m) = 20*m**2 + 3881*m - 749. Calculate g(-194)